 z(v) = 726*v**3 + 3*v**2 - v - 2. Let y(l) = q(l) - z(l). What is the units digit of y(-1)?
4
Suppose -1696 = 3*x - r, 4*x + 0*r = 3*r - 2253. Let j = -123 - x. What is the hundreds digit of j?
4
Suppose -26904 - 929787 = -136*a + 109*a. What is the ten thousands digit of a?
3
Let q = -32184 - -71945. What is the tens digit of q?
6
What is the hundreds digit of 1/2 + (-3647163)/(-442)?
2
Suppose -36 = -2*q - 26, q - 572 = -v. Let z = 1670 - v. What is the thousands digit of z?
1
Suppose -2 = 6*q - 5*q. Let u be 4/22 - q/(-22)*2. Suppose -t = -3*l + 204, 4*l - 3*t + 19 - 291 = u. What is the units digit of l?
8
Let g(c) be the first derivative of 9*c**5/40 - 7*c**4/3 + 11*c**3/3 + 25. Let m(s) be the third derivative of g(s). What is the hundreds digit of m(10)?
2
Let x(r) = -1452*r + 247. What is the thousands digit of x(-3)?
4
Let v(g) = -3*g**2 - 2*g + 3. Let t be v(-7). Let c = t + 272. What is the units digit of c?
2
What is the ten thousands digit of 3*1*(-36 - 3695202/(-189))?
5
Let r be 2/(-6 + (-96)/(-18)). What is the units digit of (-2 - r)*0 + (1056 - -2)?
8
Let y(s) = -12*s - 25. Let i = 193 + -209. What is the units digit of y(i)?
7
Suppose -3*m = j + 11 - 2, 0 = j + m + 9. Let u(p) = -85*p - 194. What is the hundreds digit of u(j)?
5
Suppose -78*d + 66 = -79*d. Let t = d + 68. Suppose t*b - b = 68. What is the units digit of b?
8
Suppose 0 = 66*f - 80257 - 2885849. What is the hundreds digit of f?
9
Suppose 4*v - 54 - 94 = 0. Suppose -25 = 6*j - v. What is the hundreds digit of 276/(7 + j + -7)?
1
Let u(k) = 2*k**3 + 9*k**2 + 16*k - 207. What is the thousands digit of u(10)?
2
Suppose -11*y = -16*y - 0*y + 38250. What is the thousands digit of y?
7
What is the tens digit of (-42)/(-15) + -3 - 8/((-480)/584652)?
4
Let z(o) = 5*o**2 - 10*o + 22. Let b be (3/6)/((-2)/(-36)). Let m(h) = 11*h**2 - 21*h + 45. Let i(p) = b*z(p) - 4*m(p). What is the tens digit of i(10)?
5
Let q be 12*(6/(-14) + (-40)/(-28)). Suppose -3*h + q + 0 = 0. Suppose 0 = h*l - 1143 + 399. What is the units digit of l?
6
Suppose -9*x = -5963 + 5783. Let v = 153 + -94. Let r = v + x. What is the units digit of r?
9
Let u be 3 + 442/12 + 1/6. Let f = 96 - u. What is the units digit of f?
6
Let c(t) = -t**3 + 3*t**2 - 1. Let z(l) = 3*l**3 + 10*l**2 + 4*l - 6. Let i(a) = -5*c(a) - z(a). What is the hundreds digit of i(14)?
5
Suppose 2*p + 2*c = 6*c - 8, -3*p - 9 = -3*c. What is the hundreds digit of 20/((-30)/(-6)) + (-2572)/p?
2
Let i(q) = -217*q + 7. Let c be i(-2). Let w be 44 - (3 + (-2 - 2)). What is the tens digit of (c/(-105))/((-1)/w)?
8
Suppose 50 = 48*c - 46*c. Suppose 0 = 3*a - 8*a + c. What is the units digit of a?
5
Suppose 0 = -a + 57 - 9. Suppose -108*f - 1437 = -27*f - 12696. Let m = f - a. What is the tens digit of m?
9
Suppose 280928 = 23*g + 102770. What is the thousands digit of g?
7
Suppose -8741 = -2*x - 3*a, 4*x - 18987 = -4*a - 1515. What is the thousands digit of x?
4
Let q(o) = 3*o + 119 + o**2 - 86 + 0*o**2 - 69. What is the units digit of q(11)?
8
Let h(p) = -68*p + 234. Let i be h(34). Let q = i - -2996. What is the units digit of q?
8
Let o = -92 - -92. Suppose 3*k + 1177 = -p + 5*p, -5*p + 4*k + 1472 = o. What is the tens digit of p?
9
Suppose -3*m + 77457 = 5*k, 2027*m - 2025*m = -4*k + 61966. What is the tens digit of k?
9
Suppose 14118 = 4*d + 5*z, -3*d + 14104 = d - 2*z. Let x = -2430 + d. What is the hundreds digit of x?
0
Suppose 3*r - 4*c - 117225 = 0, 21*r - 39074 = 20*r + c. What is the tens digit of r?
7
Let c = -9051 + 24050. What is the thousands digit of c?
4
Let v(h) = -h**3 + 4*h**2 + 9*h - 27. Let t be v(4). What is the units digit of 56/(-3)*t/(-12)?
4
Suppose 3*q - 17456 - 63768 = -p, 2*q + 3*p - 54147 = 0. What is the units digit of q?
5
Let h = -816 + 1470. Let d = h + -141. What is the units digit of d?
3
Let f(l) = -l**3 - 6*l**2 + 5*l + 16. Let w be f(-7). Suppose 0 = -2*s, s = a + w + 35. Let d = 200 + a. What is the tens digit of d?
3
Let k = 147 + -26. Suppose 5*n - 52 = 5*y - 12, -2*n + 21 = -3*y. Suppose -m = -0*m + 3, -2*h = n*m - k. What is the tens digit of h?
6
Let s(x) = -x**3 + 5*x**2 - 6*x + 10. Let q be 1/(-5) - 567/(-135). Let v be s(q). Suppose g + 32 = 2*h, 4*g + 30 = v*h - h. What is the tens digit of h?
1
Suppose 1892*z - 1867*z - 72090 = 215810. What is the hundreds digit of z?
5
Suppose -d = -4*r + 31735, -r - 16*d = -20*d - 7915. What is the hundreds digit of r?
9
Suppose -x + 4*d + 9 + 7 = 0, -x = 5*d + 20. Suppose x = 13*u + 7*u - 1060. What is the tens digit of u?
5
Let n be (2/(-5)*-1)/((-4)/(-70)). Let h be ((-144)/28)/(-1) - 1/n. Suppose 5*j - h*v - 689 - 211 = 0, 0 = j + 5*v - 192. What is the units digit of j?
2
Suppose -n + 1 = c, n - 5*c + 11 + 12 = 0. Let z(x) = -x + 1. Let d be z(n). Suppose -5*t = -t + d*s - 80, 10 = -5*s. What is the units digit of t?
2
Let n be ((-10)/6)/(50/(-25020)). Suppose -2*z + n + 1488 = 4*o, -5*o + 3484 = 3*z. What is the units digit of z?
3
Let v(t) = -3*t. Let s be v(7). Let o = 32 + s. Suppose -a + q + 11 = 0, -3*q + o = 4*a + 2. What is the units digit of a?
6
Let s = -87 - -105. Suppose -17*x + s*x = 12. What is the tens digit of x?
1
Let b = 192 + -371. Let q be ((-48)/(-15))/(6/(-165)). Let j = q - b. What is the tens digit of j?
9
Suppose -15*o + 12*o = 2*y - 118396, 4*o + 3*y - 157861 = 0. What is the tens digit of o?
6
Suppose -4*a - 8 - 104 = -3*s, -3*a - 2*s = 84. Let c be a*(-2 - 2 - 74/7). Let x = c + -147. What is the hundreds digit of x?
2
Let x be (1*-97)/((-1)/(-1)). Let i = -37 - x. Let t = 191 - i. What is the tens digit of t?
3
Let a be (-8)/(-36) + 230/18. Let y be a/(-65) + 3492/10. Suppose 0*h = -4*m - 3*h + 331, 3*h = 4*m - y. What is the units digit of m?
5
Let g be 112/(-1120) + 179/(-10). Let n(m) = -89*m + 1. Let a be n(-4). What is the tens digit of a/(g/12 - (-3 - 0))?
3
Suppose -6*g + 32 - 20 = 0. Suppose -4*j - 2*c + 210 = 0, -g - 1 = 3*c. What is the tens digit of j?
5
Let a(x) = 4*x**2 + 189*x + 319. What is the units digit of a(-71)?
4
Suppose -5*l + 45 = -2*f + 7*f, 2*f + l - 23 = 0. Let d(n) = 3*n + 17. Let v be d(f). Let w = v + 46. What is the units digit of w?
5
Suppose -24360 - 1064 = 28*k. Let r = -181 - k. What is the hundreds digit of r?
7
Let k(r) = r**2 + 30*r - 15. Let z be k(-28). Let f = 146 + z. What is the tens digit of f?
7
Suppose -2*o + 4 + 12 = -m, -4*m + 6 = 2*o. Suppose -o*s + 28 = -70. Suppose j - 96 = -s. What is the tens digit of j?
8
Let h be 43/5 - 21/35. Suppose -h*n = -13*n + 625. Suppose c = n + 82. What is the hundreds digit of c?
2
Let b(y) = -y**3 + 64*y**2 + 38*y + 901. What is the units digit of b(44)?
3
Let l = -3138 + 14416. What is the hundreds digit of l?
2
Let t = 6369 + -3611. Suppose -3652 = -10*o + t. What is the hundreds digit of o?
6
Let u = 258 - 255. What is the units digit of (-2)/6 - ((-55)/u - 3)?
1
Suppose 0 = 24*j - 4*j + 420. What is the units digit of j/(-147) - 4689/(-7)?
0
Let h be (-110)/(-275) + (-16)/(-10). Suppose -l - 3*l - 1134 = -3*k, -4*k - h*l = -1534. What is the tens digit of k?
8
Suppose -963*i = -968*i + 2*w + 121565, 0 = 3*i - w - 72940. What is the ten thousands digit of i?
2
What is the units digit of (((-2580)/(-35))/(-1))/((-16)/1960)?
0
Let n(f) = -f**3 - 3*f**2 + 14*f + 23. Let i be n(-5). Suppose 12*z + i*z = 10935. What is the hundreds digit of z?
7
Let r(m) be the second derivative of 125*m**4/12 + 2*m**3/3 - 7*m**2 - 84*m. What is the hundreds digit of r(3)?
1
Let u(k) be the second derivative of -15*k + k**2 + 0 + 67/6*k**3. What is the tens digit of u(1)?
6
Suppose 0 = 2*k + 2*g - g + 6, 3*k - 4*g + 31 = 0. Let v be (-4 + 3)*k - 15. What is the units digit of (v/(-25))/(12/(-75))*-24?
0
Let a(p) = -5*p + 493. Suppose 3*j + 7*j = -2*j. What is the tens digit of a(j)?
9
Let x(a) = 5*a**3 + 26*a**2 - 103*a + 13. What is the thousands digit of x(15)?
1
Let m(a) be the third derivative of -1/6*a**3 - 42*a**2 + 0*a + 7/8*a**4 + 0. What is the units digit of m(7)?
6
Suppose -106*q + 200400 = -6*q. What is the tens digit of q?
0
What is the units digit of (1489722/(-312) + -37)*(0 - 3 - 1)?
7
Let x = -219 + 222. Suppose x*l + 846 = 5*l. What is the tens digit of l?
2
Let p(n) = n - 1 + 6 - 12 + 5. Let r be p(9). Suppose 3*d - r*d + 204 = 0.